pose -2*s - 40 = -c. What is the greatest common factor of 6 and s?
6
Let u(h) = 2*h. Let v be -3 - 0/(-1) - -5. Let a(g) = 9*g - 7. Let d(q) = v*a(q) - 10*u(q). Let x be d(-13). Calculate the highest common factor of x and 8.
4
Let o be (-4)/(-6) + 67/3. Let z = 82 - 69. Let a = o - z. What is the highest common divisor of a and 2?
2
Let z(r) = r**3 + 25*r**2 - 5*r - 23. Let j be z(-25). What is the highest common factor of j and 102?
102
Let o(h) = 12*h**2 + 26*h - 20. Let x(l) = 5*l**2 + 12*l - 10. Let r(a) = 2*o(a) - 5*x(a). Let d be r(-9). What is the greatest common divisor of d and 32?
1
Suppose -c + 62 + 496 = 5*u, -c - 114 = -u. Suppose -168*l - u = -170*l. What is the greatest common divisor of l and 7?
7
Let r(d) = d**3 - 52*d**2 + 47*d - 393. Let p be r(53). Calculate the greatest common divisor of p and 28.
7
Suppose 32*p - 30*p = 5*u + 3, p - u = 3. Suppose -3*h = y - p*h - 22, -2*y + 16 = 5*h. Calculate the highest common divisor of 198 and y.
18
Let p(l) = l**3 + 56*l**2 + 87*l - 639. Let y be p(-54). Calculate the greatest common factor of 1265 and y.
55
Let j = -2881 + 2891. Calculate the highest common factor of j and 66.
2
Let b(z) = z**3. Let q be b(0). Suppose -2*o = -q*o - 64. Let c = -125050 + 125162. Calculate the highest common factor of c and o.
16
Suppose -6*x + 26 = 7*x. Suppose 0 = -2*f - x*y - 3*y + 34, y = 5*f - 139. Calculate the highest common factor of 18 and f.
9
Suppose j - 61 + 14 = -3*k, 4*k - 3*j = 67. Let q be (29 + -26)*5*k. Calculate the greatest common divisor of 135 and q.
15
Let a(o) = 2*o + 71. Let c be a(-27). Suppose 0 = -12*p + 119 + 85. Calculate the greatest common factor of p and c.
17
Let m = 47474 - 26759. Calculate the greatest common divisor of 15 and m.
15
Suppose 84 = 11*r - 26. Let m be -1 + 6/r + (-187)/(-55). What is the highest common factor of m and 3?
3
Suppose 3*z = -z + 100. Let c = z - -19. Suppose 2*i + 5*n - 37 = 0, 5*i - 2 = 4*i + 3*n. What is the greatest common factor of c and i?
11
Let x be (-24)/16*(-8 - 58). Suppose 9*p - 144 = 5*p. Calculate the highest common divisor of x and p.
9
Let r(q) = -q**3 - 44*q**2 + 34*q - 370. Let j be r(-45). Let l = 98 + -23. What is the highest common factor of j and l?
25
Let f = 41 + -29. Suppose -17*q - 636 - 520 = 0. Let t = -50 - q. What is the highest common divisor of f and t?
6
Let t = -21 + 29. Let k(g) = g**3 + 14*g**2 - 56*g - 13. Let h = 447 + -464. Let u be k(h). What is the greatest common factor of t and u?
8
Let x be 14/(-6)*(1 + -10). Let u = x + 5. Suppose -4*g + u = o, 9 = 3*o - 2*g - 13. Calculate the highest common divisor of o and 90.
10
Suppose -11*w + 9 = -13. Suppose -5 = 5*c, w*t + c = 5*c + 466. Suppose -5*o + t = -4*p, -2*o = o - 5*p - 149. What is the highest common factor of 473 and o?
43
Suppose 2536 = -17*o + 7177. What is the greatest common divisor of o and 6357?
39
Suppose 2*r - 3*a = 25 + 4, 3*r + 4*a - 1 = 0. What is the greatest common factor of 3 and r?
1
Let z be -4 + 255/35 - (-4)/(-14). Suppose 6*n = 2*n. Suppose b = -j - 0*j + 3, 2*j - b = n. What is the highest common divisor of z and j?
1
Let k(z) = 1489*z + 73001. Let c be k(-49). Let t be -1 + 0 - 321/(-1). Calculate the greatest common factor of c and t.
40
Suppose 3*x - 16255 = 2*a - 5161, -3*a = 0. What is the highest common divisor of 43 and x?
43
Suppose 5*h - 3 = 12. Let p be (h + (-4 - -2))*5. Suppose 2*r + 35 = -5*k + 86, -3*k + 12 = -p*r. What is the highest common factor of k and 3?
3
Let g(k) = 2*k**3 + 4*k**2 - 6*k - 1. Let l be g(-3). Let a be l*(-1)/3 + (-16)/(-6). Calculate the highest common divisor of a and 4.
1
Let d = -2050 - -4121. Suppose -d + 553 = -2*i. Suppose -i = -2*s - s. Calculate the greatest common factor of s and 23.
23
Let c = 380 + -84. Let p = 302 - c. What is the greatest common divisor of p and 192?
6
Let z = -76 + 77. Let w(j) = 103*j**3 + 3*j**2 - 4*j + 2. Let s be w(z). Calculate the greatest common factor of s and 8.
8
Let f be 0 + 4 + (-1)/1 + 1. Suppose f*z + z = 130. Let t = 55 - z. Calculate the greatest common factor of 203 and t.
29
Suppose 492*v - 20 = 490*v. Let y be (v/2 - -79) + (7 - 3). Calculate the greatest common factor of y and 99.
11
Let b be (-3*(1085/45 + -6))/(20/(-180)). What is the greatest common divisor of b and 7987?
163
Suppose 0*b + 2*b + b = 0. Suppose b = 5*y - 754 + 124. Suppose -5*x + 22 = -48. Calculate the highest common factor of y and x.
14
Suppose -3*j + 3*p + 100 = p, 5*j - 2*p - 164 = 0. Suppose j - 20 = 3*k. Calculate the highest common factor of 20 and k.
4
Suppose z + 63 = 3*c, c + 122 = -2*z + 3*c. Suppose 85 - 430 = 3*o. Let q = z - o. Calculate the highest common factor of 5 and q.
5
Suppose -12402*w = -12445*w + 2408. Calculate the greatest common divisor of 19124 and w.
28
Suppose -28 = -2*j + 5*w, j + w = -4*j + 124. Suppose 5*b - 5*q - 109 + j = 0, -2*b - 4*q + 58 = 0. Calculate the greatest common factor of b and 231.
21
Let h be (-68)/986 + 358106/203. What is the greatest common divisor of 63 and h?
63
Let x(s) = -s**2 + 10*s - 3. Let k be x(-5). Let z = -75 - k. Suppose -3*v + 56 = 4*t, -z*t + 13 = 2*v - 25. What is the highest common divisor of v and 8?
8
Let l = 156 + 375. Calculate the highest common divisor of l and 9.
9
Suppose 0 = -3*n + 236 + 370. Let m = n + -196. Calculate the highest common factor of 48 and m.
6
Let n(p) = -p**3 - 10*p**2 - 24*p + 8. Let s be n(-5). What is the highest common divisor of s and 6411?
3
Let n be 211 + (-26 - -10) - (0 - 0/(-2)). What is the greatest common factor of 225 and n?
15
Let s = 1531 - 1107. Calculate the greatest common divisor of s and 16.
8
Let w = 201 - 198. Suppose -5*k + 4*q = -1021, -k + 213 = -0*k - w*q. What is the greatest common divisor of k and 67?
67
Suppose 218*i - 220*i = 2*b - 1360, -i = -3*b - 704. Calculate the greatest common factor of 882 and i.
98
Let u = 17 - 2. Let m(l) = 6*l + 9. Let h be m(u). Let d = 80 - 71. What is the greatest common divisor of h and d?
9
Let m be (-100)/(-40)*(2 - 14/5). Let k be 26460/(-168)*m/3. What is the greatest common divisor of 280 and k?
35
Suppose -5*n + 65 + 25 = 0. Let x = -706 + 765. Suppose -51*w - 48 = -x*w. What is the greatest common divisor of w and n?
6
Let d = 13696 + -12504. What is the highest common factor of 32 and d?
8
Let g = -54 - -56. Suppose -9*v + 11*v = -8. Let r be (-57)/(-6)*4 + v - g. Calculate the greatest common divisor of 16 and r.
16
Let k = 317 + -80. Suppose -4*v - 5*z + k = -2*v, z = 5*v - 552. Suppose 4*c = c + v. What is the highest common factor of 37 and c?
37
Let m = -976 + 1100. Calculate the greatest common factor of m and 76.
4
Suppose -212*t = -210*t + 72. Let z = t + 136. What is the greatest common factor of z and 75?
25
Let u = 121 - 132. Let z be (-444)/(-17) + ((-567)/51 - u). Calculate the highest common divisor of 65 and z.
13
Let q(v) be the first derivative of 6*v - 1/3*v**3 + 17/2*v**2 + 11. Let o be q(10). Calculate the highest common factor of 57 and o.
19
Let g(y) = 6*y - 21. Let d be g(-15). Let h = 321 - d. What is the greatest common divisor of 48 and h?
48
Suppose 3*y = 3*z + 162, 2*z = -2*y + 5*y - 156. What is the highest common divisor of y and 15252?
12
Let t = -7374 - -7394. Calculate the highest common factor of t and 7060.
20
Suppose i - 15*d + 12*d - 347 = 0, 0 = -2*i - 3*d + 649. Calculate the highest common divisor of 4399 and i.
83
Suppose 285*j - 6207 = -1932. Suppose -4*p - 5*u + 150 = -2*p, -75 = -p - u. Calculate the greatest common divisor of j and p.
15
Let y = 8 - 1. Suppose -y*b = 3*b - 1530. Suppose 5*u - b - 267 = 0. Calculate the highest common factor of 21 and u.
21
Let u = 254 + -122. Let v(d) = -d**3 + 6*d**2 + 8*d - 16. Let q be v(5). Let o = q - 37. What is the highest common factor of o and u?
12
Suppose 8*c - 40 = 0, -6*k + 4475 = -2*k - c. What is the highest common divisor of k and 20?
20
Let c be (2 - (-480)/(-18))*3. Let k be (c/148)/((-1)/2 - 0). Calculate the highest common factor of k and 18.
1
Suppose 245*b = 267*b - 616. What is the greatest common divisor of 188 and b?
4
Let s be ((-500)/(-15) - -8)*(-441)/(-6). What is the greatest common factor of s and 686?
98
Suppose -154*h + 76*h = -6552. Calculate the highest common factor of 7084 and h.
28
